s the greatest common factor of 28956907 and 7?
7
What is the greatest common factor of 691570 and 80740?
110
What is the highest common factor of 582272820 and 48?
12
Calculate the highest common divisor of 14464 and 77335392.
3616
What is the highest common factor of 8120660 and 636?
212
What is the greatest common divisor of 4929 and 69075006?
4929
What is the highest common factor of 39 and 18857839?
13
Calculate the greatest common divisor of 20654 and 1874575.
449
What is the highest common factor of 38043041 and 406?
29
What is the greatest common factor of 25886103 and 213?
213
Calculate the highest common factor of 894271 and 602.
301
Calculate the greatest common divisor of 85 and 26252896.
17
What is the highest common factor of 454 and 1478?
2
Calculate the highest common factor of 1176 and 147594.
6
Calculate the greatest common factor of 5536 and 3748564.
692
Calculate the greatest common factor of 44889832 and 4571.
653
What is the highest common factor of 82586 and 176623?
347
What is the highest common factor of 1047 and 1037926?
349
Calculate the highest common divisor of 17859597 and 336.
21
Calculate the greatest common divisor of 178719 and 4895157.
4359
What is the greatest common factor of 914376 and 21304?
8
What is the greatest common factor of 1143 and 1288288?
127
Calculate the highest common divisor of 1785 and 1612365.
255
What is the greatest common factor of 184176 and 24484?
4
Calculate the highest common factor of 1160 and 2737960.
40
Calculate the highest common factor of 132 and 97757319.
33
Calculate the highest common divisor of 184853 and 7700369.
2759
Calculate the highest common factor of 49647015 and 2475.
495
Calculate the highest common divisor of 1022 and 3947398.
14
What is the highest common factor of 2084 and 123568?
4
Calculate the highest common divisor of 383670 and 3885.
105
Calculate the greatest common factor of 2720 and 1078208.
544
What is the greatest common divisor of 4134520 and 16640?
520
Calculate the highest common divisor of 80548 and 2899.
13
Calculate the highest common divisor of 2455413 and 83877.
1149
What is the greatest common divisor of 68109925 and 65?
65
What is the greatest common factor of 74678262 and 2316?
1158
Calculate the highest common divisor of 22770 and 199188.
198
Calculate the highest common factor of 675 and 18079065.
135
Calculate the highest common factor of 11 and 108293933.
11
What is the highest common divisor of 226044 and 708?
12
What is the greatest common divisor of 717660984 and 214?
214
What is the highest common factor of 412464 and 1738464?
624
What is the greatest common divisor of 5261284 and 168?
28
What is the greatest common factor of 10771600 and 126?
14
What is the greatest common divisor of 168168 and 17654?
182
Calculate the highest common factor of 8665936 and 5232.
1744
What is the highest common divisor of 285105 and 40533?
687
Calculate the greatest common divisor of 70 and 394702.
14
Calculate the highest common factor of 636785 and 475.
95
Calculate the highest common factor of 288 and 10421808.
48
Calculate the greatest common factor of 6555164 and 22.
22
What is the highest common divisor of 2295 and 6696215?
85
What is the greatest common factor of 2147 and 548853?
19
What is the greatest common divisor of 3873898 and 56?
14
What is the highest common factor of 1101 and 242468826?
1101
Calculate the highest common divisor of 3087536 and 40.
8
Calculate the highest common divisor of 16396000 and 9000.
1000
What is the greatest common divisor of 3520361 and 455?
13
Calculate the highest common factor of 1748 and 1687372.
92
What is the highest common divisor of 169 and 16392259?
13
What is the greatest common divisor of 2153876 and 24076?
1852
Calculate the highest common factor of 169197285 and 60.
15
Calculate the highest common divisor of 742725395 and 16570.
8285
Calculate the greatest common factor of 3938 and 3421.
11
Calculate the greatest common divisor of 126310 and 26928.
34
What is the greatest common divisor of 11433510 and 12?
6
Calculate the highest common divisor of 2331834 and 492.
246
What is the highest common divisor of 687123 and 436509?
1377
What is the highest common divisor of 144015 and 107115?
15
What is the greatest common factor of 234171779 and 37?
37
Calculate the highest common divisor of 703878 and 3654.
42
Calculate the greatest common divisor of 124767152 and 48.
16
Calculate the greatest common divisor of 165222 and 85762.
274
Calculate the greatest common factor of 98675350 and 50.
50
Calculate the highest common divisor of 47328 and 4003296.
1632
Calculate the highest common factor of 6677 and 387366155.
6677
What is the highest common factor of 30175 and 8350?
25
What is the greatest common factor of 24 and 5011544?
8
Calculate the highest common divisor of 207477891 and 114.
57
What is the greatest common factor of 748543 and 3173?
19
Calculate the highest common divisor of 505 and 135239.
101
What is the greatest common divisor of 122364 and 35376?
132
What is the greatest common divisor of 30920356 and 6128?
1532
What is the highest common factor of 612 and 13179?
3
What is the greatest common divisor of 40 and 6120292?
4
Calculate the highest common factor of 2851830 and 9.
9
What is the greatest common divisor of 3362526 and 4234?
146
What is the greatest common factor of 3939606 and 117766?
2222
Calculate the greatest common divisor of 32 and 167336880.
16
What is the greatest common divisor of 159452196 and 2098?
2098
Calculate the highest common factor of 7663 and 98039.
79
What is the greatest common factor of 12750580 and 130?
10
What is the highest common factor of 56 and 1285248076?
28
What is the greatest common divisor of 6834 and 2844150?
402
Calculate the greatest common factor of 96 and 20459640.
24
What is the greatest common divisor of 54061139 and 187?
187
Calculate the greatest common divisor of 276 and 4445348.
92
Calculate the highest common divisor of 100 and 1272581650.
50
What is the highest common factor of 170 and 655230?
10
What is the greatest common divisor of 368116 and 36?
4
What is the greatest common factor of 6285872 and 632?
632
What is the highest common divisor of 6112 and 370858588?
764
Calculate the greatest common factor of 579194 and 7700.
154
Calculate the highest common factor of 20 and 1436149860.
20
What is the highest common divisor of 27389221 and 158?
79
Calculate the highest common factor of 6478104 and 2538.
282
Calculate the highest common divisor of 1986516 and 819.
63
Calculate the highest common divisor of 367224 and 53443.
13
Calculate the highest common factor of 178249352 and 272.
136
Calculate the highest common factor of 9087 and 201312.
699
Calculate the highest common divisor of 30230 and 65.
5
Calculate the highest common factor of 6004 and 9750116.
76
Calculate the greatest common divisor of 143 and 671.
11
What is the highest common divisor of 2041 and 63007711?
2041
Calculate the greatest common factor of 35 and 1164289.
7
What is the highest common factor of 525 and 22667225?
175
Calculate the greatest common factor of 1194338859 and 42.
21
What is the greatest common factor of 93 and 117036284?
31
Calculate the greatest common factor of 13682722 and 340.
34
What is the greatest common factor of 1463759 and 2519?
11
Calculate the greatest common divisor of 590 and 101734585.
295
What is the greatest common factor of 20802887 and 28?
7
What is the greatest common factor of 72765 and 18617697?
441
Calculate the greatest common factor of 436 and 4541594.
218
Calculate the highest common divisor of 20 and 1861973420.
20
Calculate the highest common factor of 10639485 and 686880.
7155
Calculate the highest common factor of 613943 and 2233.
11
Calculate the highest common factor of 29015 and 12045370.
4145
Calculate the highest common divisor of 6842 and 144584.
22
What is the highest common divisor of 11871 and 128260879?
1319
Calculate the greatest common divisor of 35 and 2960531.
7
What is the highest common factor of 153519290 and 370?
370
What is the highest common divisor of 84834958 and 10985?
2197
Calculate the highest common divisor of 42 and 237840722.
14
Calculate the greatest common factor of 4820553 and 12150.
81
W